 i(z) = z**2 - 8*z + 9. Let r be i(6). Is 3 + r + 1*51 a prime number?
False
Let r = -838 + 2237. Is r composite?
False
Let v be (5/(-10))/((-1)/6). Let p(u) = u**2 + 2*u + 1. Let a be p(-1). Suppose v*x + 2*x - 1435 = a. Is x a composite number?
True
Is 4173 + 6 + 2 + 0 composite?
True
Let g(a) = -a**3 - 10*a**2 + 11*a + 2. Let d be g(-11). Suppose 25 = -5*m - 3*j, 5*m - 3*j + 4*j + 35 = 0. Is d/m - (-61)/4 prime?
False
Let d = 70 - -11. Let c be (-1 + d/(-12))*-12. Suppose 2*k = -k + c. Is k prime?
True
Let x be (-352)/((16/12)/(-2)). Is x/9 + (-3)/(-9) a prime number?
True
Let h(x) = -1. Let q be (-2)/(-3 + (0 - -1)). Let t(u) = -8*u - 12. Let p(o) = q*t(o) - 5*h(o). Is p(-7) a prime number?
False
Let w(d) = -d + 2. Let s(f) = -5*f + 10. Let g(y) = 4*s(y) - 22*w(y). Let n be g(4). Is (-117)/(-5) - n/10 prime?
True
Let c(d) = 7*d - 2. Let v be (-10)/(-5)*6/4. Is c(v) composite?
False
Let y(s) = 0 - 3 + 7 + 2*s**2 - 7*s. Let i be y(4). Is (i/6)/(4/42) prime?
False
Suppose 0 = 7*s - 0*s - 357. Is s composite?
True
Suppose 0 = -4*c - 10*c + 1330. Is c prime?
False
Let b(x) = x - 50*x**3 - 3 + 3. Let j(q) = q**2 - 2*q - 1. Let u be j(2). Is b(u) a composite number?
True
Is (-2)/(-4) - 759/(-6) composite?
False
Suppose -5*c = -7*c + 1828. Is c prime?
False
Let c be (-8)/(-36) + (-7)/(-9). Let u be (-29)/2*-2 - c. Suppose 113 + u = 3*t. Is t a prime number?
True
Let v = -21 - -8. Let c = v + 7. Let l(w) = -2*w + 7. Is l(c) a composite number?
False
Let p(s) be the first derivative of 11*s**3/3 + 3*s**2 - s + 5. Is p(4) prime?
True
Let m(h) = -h**2 + 4*h + 2. Let u be m(4). Suppose -3*c - u*c = -415. Is c composite?
False
Is (-391)/(-2)*(11 + -9) a prime number?
False
Let g = -52 - -163. Is g a prime number?
False
Suppose o + 4 + 0 = 3*s, 20 = 5*s + o. Suppose -s*p = -2*l + 2*p + 133, 3*l + 2*p = 171. Is l a composite number?
False
Let a be (8 + -4)*3/1. Let r be (-1101)/(-18) - 2/a. Suppose 6*x - 4*x = -t + 134, -t - r = -x. Is x a prime number?
False
Suppose 3*k + 0*k - 4217 = b, -2802 = -2*k - 4*b. Is k composite?
True
Let i = -1580 + 916. Is i/(-20) + (-1)/5 a prime number?
False
Let i(k) = -3 + 4*k - 32*k - 10*k. Is i(-8) a composite number?
True
Let b = 1 + 11. Let v be 3/(-15) + b/(-15). Is (11*-7)/v - 0 prime?
False
Let k = -7 + 17. Suppose -4*r + 469 + 71 = 0. Suppose k = z - r. Is z a composite number?
True
Let j = 240 - 171. Let v = j - 16. Is v prime?
True
Let v be (-2 + (-16)/(-1))*5. Suppose 2*j - 6*s = -4*s + v, 2*j - 4*s = 78. Is j composite?
False
Suppose -6*s + 201 = -3*s. Suppose 2*l - s = 2*z + 341, -5*l + 4*z = -1021. Is l composite?
True
Is 2/(-1) + 4 - -551 a prime number?
False
Suppose 18 = -4*q + 2*q. Is 5703/27 + 2/q composite?
False
Suppose -7*v = -3*v - 2732. Is v a composite number?
False
Let k = -18 - -229. Is k prime?
True
Let f = -89 + 63. Let o = 115 + f. Is o a prime number?
True
Suppose 4*n - 16 + 4 = 0. Suppose -4 = -2*s + 3*s, -n*s - 2 = -5*x. Is (4 + -25)*x/6 a composite number?
False
Let i be (-69)/(-9) + 8/(-12). Suppose i*u + 265 = 12*u. Is u prime?
True
Let l(d) be the first derivative of 26*d**3/3 + d**2/2 - d - 5. Is l(1) prime?
False
Suppose 0 = -0*a - 2*a. Suppose a = -4*j + 4*v + 152, -5*j - 3*v = 2*v - 140. Is j a composite number?
True
Let y(p) = p**3 + p**2 + 85. Is y(0) composite?
True
Let f(u) = -9*u**3 + 3*u**2 + 2*u - 2. Let k be f(-3). Suppose 4*m - 2*m - k = 0. Is m composite?
False
Suppose 2*l + 3*c - 1846 = 0, -4*c - 8 = 8. Is l a composite number?
False
Is 1636/(-8)*(-4 + 2) a prime number?
True
Let b = 5 + -11. Is (-476)/b - (-3)/(-9) a composite number?
False
Let p(a) = 6*a**3 - 5*a**2 + 4*a - 2. Let d = 6 + -7. Let l = d - -4. Is p(l) prime?
True
Let j(p) = p**2 - p + 11. Is j(-15) a prime number?
True
Let f be 3/(-3) - (-63)/1. Let k = 56 + f. Let i = k - 29. Is i a prime number?
True
Suppose 2*p = 10*p. Suppose -5*v - 2*b + 1965 = p, -5*v + 5*b - 416 = -6*v. Is v a prime number?
False
Let i(q) = -q - 15. Let z be i(-9). Is ((-21)/z)/((-3)/(-18)) composite?
True
Let k be (-9274)/(-30) - (-20)/(-150). Let a = k - 194. Is a a prime number?
False
Suppose -k + 417 = m - 65, 0 = -4*k + m + 1913. Is k a prime number?
True
Let a(g) = -64*g - 2. Let p be a(-6). Suppose -5*b + p = -3*b. Is b composite?
False
Let r(u) = 50*u**2 + 2*u. Let w be r(-3). Suppose -g = 3*g - w. Is g a prime number?
False
Suppose -4*b - 449 - 170 = 3*w, -776 = 5*b + 3*w. Is b/(-6) - 1/6 prime?
False
Suppose 4*n = -3*h + 4*h + 19, -3*n + 15 = -h. Suppose n*b = 5*j - 0*b - 95, 2*j - 3*b - 38 = 0. Is j prime?
True
Is (-1608)/(-16)*(-10)/(-3) a prime number?
False
Let g(i) = 13*i**2 - 2*i + 3. Let c be 0 - -3 - (-3 + 2). Is g(c) composite?
True
Let j be (-2)/10 + (-1871)/(-5). Suppose 3*r = 4*z + j, 0*z = -z - 5. Is r a composite number?
True
Let h(a) = a**3 + 11*a**2 + 10*a - 4. Let n be h(-10). Let c = -2 - n. Suppose 0 = -b + i + 49 - 17, -5*i = c*b - 71. Is b prime?
False
Let o(z) = 605*z + 1. Let k be o(2). Is k/35 - 2/(-5) composite?
True
Is -94*7*(-15)/30 prime?
False
Suppose -j - 100 = 2*k, -3*j + 4*k - 290 = -0*j. Let h = 29 - j. Is h prime?
True
Suppose 13 = 3*w + 2*w - 2*p, -w + 3*p = 0. Is w a composite number?
False
Let m(a) = -10*a**2 + 3*a + 6. Let n(r) = -15*r**2 + 4*r + 9. Let i(v) = 7*m(v) - 5*n(v). Let p(t) = -t**2 + 6*t - 3. Let y be p(6). Is i(y) composite?
True
Is (222/(-12))/((-2)/4) prime?
True
Let d be (-2 + 15/6)*6. Suppose 0 = -d*y + 9, 104 - 27 = w + 2*y. Let j = 148 - w. Is j a composite number?
True
Suppose -o - 2*o = -9. Suppose -o*s + 0*s - 4*y = 8, -s + y + 9 = 0. Suppose -4*t = -6*k + s*k + 146, 0 = 4*k - 3*t - 307. Is k a composite number?
False
Suppose -2*m = -0*m. Suppose 4*u - 316 = -m*u. Is u a composite number?
False
Let w(b) = 2*b**2 + 5*b + 4. Is w(-3) a composite number?
False
Let l = 46 + -31. Suppose 0 = -5*h + l + 50. Is h composite?
False
Let z be (-6)/10 + (-2116)/(-10). Suppose -c = -2*c + z. Is c prime?
True
Suppose 0 = -0*w + w + 13. Let f be (-1)/3*(1 + w). Suppose 0 = -f*k - 0*k + 44. Is k a prime number?
True
Let u = -6 + 4. Is (436/12)/(u/(-6)) a composite number?
False
Suppose -r = -39 + 395. Let z be (r/(-3))/((-6)/(-9)). Suppose w - z + 51 = 0. Is w a composite number?
False
Let j(x) = -x + 6. Let y be j(0). Suppose -3*f + y*f = 4*d - 81, -4*d - f = -85. Is d a composite number?
True
Suppose 0*h = -5*h + 1255. Is h a prime number?
True
Is (-6)/(-10) - (-13)/(260/40368) prime?
False
Let s(o) = -o**3 - 3*o**2 + 4*o - 1. Let d be s(-4). Let p be -6*(-1)/(-1)*d. Suppose -3 = -3*y + p. Is y a prime number?
True
Let t(m) = 130*m**2 + 1. Is t(3) prime?
True
Suppose 5*k = 7*k - i - 7, 5 = -5*i. Suppose -3*f = k*q - 32 - 163, f - 3*q = 73. Is f a composite number?
False
Suppose -m - 3*m - 5*o - 23 = 0, 0 = -5*m - 3*o - 19. Let l be (2 - (1552 + m)) + 2. Is l/(-10) + (-4)/(-10) a prime number?
False
Is (3/(-4) - -2)*(32 + 1916) composite?
True
Let c(z) = -145*z + 1. Is c(-4) a prime number?
False
Let m(y) = -4*y**3 + y**2 - 2*y - 66. Let p(b) = -7*b**3 + 2*b**2 - 3*b - 133. Let s(o) = 5*m(o) - 3*p(o). Is s(0) composite?
True
Is (-93)/(-4) - 3/12 a composite number?
False
Let q = 4 - 2. Suppose 0*s - s + 5*v + 153 = 0, q*v = 10. Is s a prime number?
False
Suppose -2*o + 5*b + 5 = 3*o, 2*b + 6 = 4*o. Suppose -3*v = -2*v - o. Suppose -v*u + 169 + 13 = 0. Is u a composite number?
True
Suppose -3*i - i = -24. Let m(l) = 33*l + 8. Let s be m(i). Let d = s - 48. Is d composite?
True
Suppose 3*i + i - 8 = 0. Let o be 2/4 + i/(-4). Suppose -600 = -4*z + 2*a, 2*z = -o*z + 4*a + 306. Is z a composite number?
False
Suppose 4*f - 3447 = 821. Is f a prime number?
False
Let g = -59 - -85. Is g prime?
False
Suppose -z + 877 = -116. Is z composite?
True
Suppose -1 + 9 = f. Is (-4)/f - (-323)/2 a composite number?
True
Is (414/4 - -7)*(3 - 1) prime?
False
Let d(x) = 179*x**2 - 4*x + 4. Is d(1) a composite number?
False
Let r = -5828 - -8419. Is r prime?
True
Let r be 2/((-2)/(-12)*3). Suppose -45 = -r*y + 319. Is y prime?
False
Let n = -12 - -7. Let a(s) = -2*s**3 - 2*s**2 + 6*s + 1. Let v be a(n). Suppose b + c - 47 = 3*c, -3*b = 4*c - v. Is b composite?
False
Let r = 1 - 28. Let v = -5 - r. Is v a prime number?
False
Let m = 205 - 76. Suppose 5*v + m = 49. Is v/12*(-3)/2 prime?
True
Let 